{"id":949,"date":"2011-07-25T22:09:38","date_gmt":"2011-07-25T20:09:38","guid":{"rendered":"http:\/\/www.zofijamazejkukovic.net\/?page_id=949"},"modified":"2014-02-07T11:41:43","modified_gmt":"2014-02-07T10:41:43","slug":"contact","status":"publish","type":"page","link":"https:\/\/www.zofijamazejkukovic.net\/ang\/contact\/","title":{"rendered":"Contact"},"content":{"rendered":"<p>Va\u0161a mnenja, pobude in predlogi so vedno dobrodo\u0161li.<\/p>\n<p>Moj elektronski naslov je zofija.mazejkukovic@siol.net.<br \/>\nPridru\u017eite se mi lahko tudi na socialnih omre\u017ejih: <a href=\"http:\/\/www.facebook.com\/zofija.kukovic\"><br \/>\nwww.facebook.com\/zofija.kukovic<\/a><br \/>\n<a href=\"http:\/\/www.twitter.com\/zofijamazej\">www.twitter.com\/zofijamazej<\/a><\/p>\n<p>V februarju smo odprli tudi evropsko pisarno v Velenju. Nahajamo se v Vili Bianci, na Starem trgu 3. Uradne ure in informacije o pisarni sledijo.<\/p>\n\n\t\t\t\t<div class=\"mr_social_sharing_wrapper\">\n\t\t\t\t<!-- Social Sharing Toolkit v2.2 --><span class=\"mr_social_sharing_top\"><script type=\"IN\/Share\" data-url=\"https:\/\/www.zofijamazejkukovic.net\/ang\/contact\/\" data-counter=\"right\"><\/script><\/span><span class=\"mr_social_sharing_top\"><a href=\"https:\/\/twitter.com\/share\" class=\"twitter-share-button\" data-count=\"horizontal\" data-url=\"https:\/\/www.zofijamazejkukovic.net\/ang\/contact\/\" data-text=\"Contact\"><\/a><\/span><span class=\"mr_social_sharing_top\"><div class=\"g-plusone\" data-size=\"medium\" data-href=\"https:\/\/www.zofijamazejkukovic.net\/ang\/contact\/\"><\/div><\/span><span class=\"mr_social_sharing_top\"><span style=\"display: inline-block; width: 90px; height: 21px; overflow: hidden;\"><div class=\"fb-like\" data-href=\"https:\/\/www.zofijamazejkukovic.net\/ang\/contact\/\" data-send=\"false\" data-layout=\"button_count\" data-width=\"90\" data-show-faces=\"false\"><\/div><\/span><\/span><span class=\"mr_social_sharing\"><a rel=\"nofollow\" class=\"linksalpha_button linksalpha_link\" href=\"\/\/www.linksalpha.com\/social\/mobile\" data-url=\"https:\/\/www.zofijamazejkukovic.net\/ang\/contact\/\" data-text=\"Contact\" data-desc=\"Va\u0161a mnenja, pobude in predlogi so vedno dobrodo\u0161li. Moj elektronski naslov je zofija.mazejkukovic@siol.net. Pridru\u017eite se mi lahko tudi na socialnih omre\u017ejih: www.facebook.com\/zofija.kukovic www.twitter.com\/zofijamazej V februarju smo odprli tudi evropsko pisarno v Velenju. Nahajamo se v Vili\" data-image=\"\" data-button=\"\">\n\t\t\t\t\t<img src=\"\/\/www.linksalpha.com\/images\/social_share_button.png\" alt=\"Share\" class=\"linksalpha_image\" \/>\n\t\t\t\t\t<\/a><script type=\"text\/javascript\" src=\"\/\/www.linksalpha.com\/scripts\/loader_iconbox.js?v=2.4\"><\/script><\/span><\/div>","protected":false},"excerpt":{"rendered":"<p>Va\u0161a mnenja, pobude in predlogi so vedno dobrodo\u0161li. Moj elektronski naslov je zofija.mazejkukovic@siol.net. Pridru\u017eite se mi lahko tudi na socialnih omre\u017ejih: www.facebook.com\/zofija.kukovic www.twitter.com\/zofijamazej V februarju smo odprli tudi evropsko pisarno v Velenju. Nahajamo se v Vili Bianci, na Starem trgu 3. Uradne ure in informacije o pisarni sledijo.<\/p>\n\n\t\t\t\t<div class=\"mr_social_sharing_wrapper\">\n\t\t\t\t<!-- Social Sharing Toolkit v2.2 --><span class=\"mr_social_sharing_top\"><script type=\"IN\/Share\" data-url=\"https:\/\/www.zofijamazejkukovic.net\/ang\/contact\/\" data-counter=\"right\"><\/script><\/span><span class=\"mr_social_sharing_top\"><a href=\"https:\/\/twitter.com\/share\" class=\"twitter-share-button\" data-count=\"horizontal\" data-url=\"https:\/\/www.zofijamazejkukovic.net\/ang\/contact\/\" data-text=\"Contact\"><\/a><\/span><span class=\"mr_social_sharing_top\"><div class=\"g-plusone\" data-size=\"medium\" data-href=\"https:\/\/www.zofijamazejkukovic.net\/ang\/contact\/\"><\/div><\/span><span class=\"mr_social_sharing_top\"><span style=\"display: inline-block; width: 90px; height: 21px; overflow: hidden;\"><div class=\"fb-like\" data-href=\"https:\/\/www.zofijamazejkukovic.net\/ang\/contact\/\" data-send=\"false\" data-layout=\"button_count\" data-width=\"90\" data-show-faces=\"false\"><\/div><\/span><\/span><span class=\"mr_social_sharing\"><a rel=\"nofollow\" class=\"linksalpha_button linksalpha_link\" href=\"\/\/www.linksalpha.com\/social\/mobile\" data-url=\"https:\/\/www.zofijamazejkukovic.net\/ang\/contact\/\" data-text=\"Contact\" data-desc=\"Va\u0161a mnenja, pobude in predlogi so vedno dobrodo\u0161li. Moj elektronski naslov je zofija.mazejkukovic@siol.net. Pridru\u017eite se mi lahko tudi na socialnih omre\u017ejih: www.facebook.com\/zofija.kukovic www.twitter.com\/zofijamazej V februarju smo odprli tudi evropsko pisarno v Velenju. Nahajamo se v Vili\" data-image=\"\" data-button=\"\">\n\t\t\t\t\t<img src=\"\/\/www.linksalpha.com\/images\/social_share_button.png\" alt=\"Share\" class=\"linksalpha_image\" \/>\n\t\t\t\t\t<\/a><script type=\"text\/javascript\" src=\"\/\/www.linksalpha.com\/scripts\/loader_iconbox.js?v=2.4\"><\/script><\/span><\/div>","protected":false},"author":1,"featured_media":0,"parent":0,"menu_order":0,"comment_status":"closed","ping_status":"closed","template":"","meta":[],"_links":{"self":[{"href":"https:\/\/www.zofijamazejkukovic.net\/ang\/wp-json\/wp\/v2\/pages\/949"}],"collection":[{"href":"https:\/\/www.zofijamazejkukovic.net\/ang\/wp-json\/wp\/v2\/pages"}],"about":[{"href":"https:\/\/www.zofijamazejkukovic.net\/ang\/wp-json\/wp\/v2\/types\/page"}],"author":[{"embeddable":true,"href":"https:\/\/www.zofijamazejkukovic.net\/ang\/wp-json\/wp\/v2\/users\/1"}],"replies":[{"embeddable":true,"href":"https:\/\/www.zofijamazejkukovic.net\/ang\/wp-json\/wp\/v2\/comments?post=949"}],"version-history":[{"count":3,"href":"https:\/\/www.zofijamazejkukovic.net\/ang\/wp-json\/wp\/v2\/pages\/949\/revisions"}],"predecessor-version":[{"id":2101,"href":"https:\/\/www.zofijamazejkukovic.net\/ang\/wp-json\/wp\/v2\/pages\/949\/revisions\/2101"}],"wp:attachment":[{"href":"https:\/\/www.zofijamazejkukovic.net\/ang\/wp-json\/wp\/v2\/media?parent=949"}],"curies":[{"name":"wp","href":"https:\/\/api.w.org\/{rel}","templated":true}]}}